when 57 is divided by c?
12
Suppose -a + 1 = -3. Suppose -3*k - 4*o + 15 = -o, 3*o = 2*k - 15. What is the remainder when (-57)/(-6) + 2/a is divided by k?
4
Let k = 24 - 8. Let f = -6 + k. What is the remainder when (f/15)/(1/18) is divided by 7?
5
Let w = -7 + 11. Let n = 1 + -2. Calculate the remainder when w is divided by 0 - n - 6/(-3).
1
Suppose 5*i = 3*j + 48, 2*i = j + 2*j + 12. Suppose -2*a + 5*l - 3*l = -40, -4*l - 58 = -3*a. Calculate the remainder when a is divided by i.
10
Let w(u) = u**2 - 7*u - 1. Let x = 11 - -4. Let o = -7 + x. What is the remainder when 25 is divided by w(o)?
4
Let v be 8/4 + (-1 - -7). Let o = v - -6. Calculate the remainder when o is divided by 0 + 1 + -2 + 6.
4
Let k = 25 - 6. Suppose l - 18 = -l. Suppose -j + l = 2. What is the remainder when k is divided by j?
5
Suppose -103 - 81 = -8*c. Calculate the remainder when c is divided by 14.
9
Let a be (2/6)/(5/705). Let q = 21 - a. Calculate the remainder when ((-3)/1)/3*q is divided by 9.
8
Suppose 8*x - 30 = 3*x - 2*w, -26 = -2*x + 2*w. Calculate the remainder when x is divided by 5.
3
Let i = -16 - -9. Let s = i - -17. What is the remainder when 19 is divided by s?
9
Suppose 8*t - 132 = 4*t. What is the remainder when t is divided by 6?
3
Suppose 494 = 5*j - 4*n, j + j - 196 = 2*n. What is the remainder when j is divided by 15?
12
Suppose 5*b = 23 + 102. Calculate the remainder when b is divided by 13.
12
Let k(w) = w - 4. Let c(h) = -h**3 - h**2 + h + 3. Calculate the remainder when c(-3) is divided by k(11).
4
Suppose -7*p + 185 - 17 = 0. Calculate the remainder when p is divided by 6.
0
Let b(f) = f**2 + 6*f - 5. Let a be b(-6). Let t = -5 - a. What is the remainder when 6 is divided by (t + 3)*1/1?
0
Suppose 5 = 4*q - 19. Suppose 0 = 2*s - 7*s + 2*z + 85, -s = 3*z - 17. What is the remainder when s is divided by q?
5
Suppose 2*b - 15 = 5. Calculate the remainder when 36 is divided by b.
6
Suppose -40 = -7*r + 3*r. Suppose -3*s + 16 = -b, 3*s - r - 21 = -2*b. Calculate the remainder when s is divided by 4.
3
Let g be (-4 - -6) + (1 - -70). Suppose 0 = 5*j - g + 23. Suppose 0 = -s + 3*h - 0*h - 9, 15 = 3*h. What is the remainder when j is divided by s?
4
Let y be 70 + (-1 - 0) + 1. Suppose 5*r - y = -5. Calculate the remainder when 51 is divided by r.
12
Let j be 2/(-5) + 64/10. Suppose j*f - f - 35 = 0. Let c(y) = -2*y + 3. Calculate the remainder when c(-8) is divided by f.
5
Let q(b) = -b - 5. Suppose -2*o - f = 3*f - 4, 0 = 5*o - 4*f - 24. Let r be q(o). Calculate the remainder when 61 is divided by (-3)/((-5)/((-240)/r)).
13
Let u = -6 - -54. Let a(b) = 8*b + 1. What is the remainder when u is divided by a(3)?
23
Let n(a) = -a**2 - 14*a + 13. What is the remainder when n(-8) is divided by 16?
13
Suppose 0 = -u + a + 45, -57 = -2*u - 5*a + 12. Let i(b) = 5*b**2 - b + 0*b**2 + 3 - 2*b - b. Calculate the remainder when u is divided by i(2).
12
Let c(x) = -x**2 + 10*x - 13. Let l(s) = -s**3 - 3*s**2 + 3*s. Calculate the remainder when c(6) is divided by l(-4).
3
Let p = -13 + 26. What is the remainder when 50 is divided by p?
11
Let w = 534 + -526. Let y = -13 + 36. What is the remainder when y is divided by w?
7
Let m(a) = 27*a + 1. Calculate the remainder when m(1) is divided by 16.
12
Suppose 5*r - 96 + 26 = 0. Let u = -6 + r. What is the remainder when 274/8 + (-2)/u is divided by 12?
10
Let o = -372 + 758. Calculate the remainder when o is divided by 43.
42
Let i(p) = -p. Calculate the remainder when i(-2) is divided by 1.
0
Let u(g) be the second derivative of g**3/6 + 2*g**2 - g. Let m be u(-6). What is the remainder when 20 is divided by 46/6 - m/(-3)?
6
Let y = 23 + -4. Calculate the remainder when 53 is divided by y.
15
What is the remainder when (-74)/(-6) + 8/(-24) is divided by 5?
2
Suppose 2*f + 4*z = -0*f + 20, -5*f - 2*z + 82 = 0. What is the remainder when 0 - (1 + -1 - 70) is divided by f?
16
Let q(l) = 23*l**3 + 2*l**2 - 2*l + 1. Suppose 6*t = 8*t - 142. What is the remainder when t is divided by q(1)?
23
Suppose 199 = 4*v - 269. Calculate the remainder when v is divided by 30.
27
Suppose 5*c - f = 14, -7*c + 6*c + 6 = -f. Suppose 0*j = -4*w - j + 3, w + 13 = -3*j. What is the remainder when (1 + c)/((-3)/(-4)) is divided by w?
0
Suppose 4*j = -5*v + 81, j - 5*j + 29 = v. Suppose 5*d - 79 = -3*r, -6*r - v = -2*d - r. What is the remainder when 41 is divided by d?
13
Let i(m) = -m**3 + 9*m**2 - 5*m - 11. Let z = 1 - 79. Let f = 116 + z. Calculate the remainder when f is divided by i(8).
12
Let v = -1 + 3. Suppose c = v*c. Suppose c*i = -5*i + 50. Calculate the remainder when 27 is divided by i.
7
Suppose 0 = -5*y - x + 6*x + 45, 5*x - 25 = 0. Calculate the remainder when y is divided by 8.
6
Let d = 11 - 4. Suppose 3*h + 4*b - 15 = 17, -5*h + 35 = 3*b. Suppose a = -n + 20, n = 5 - h. What is the remainder when a is divided by d?
5
Let t(m) = -m**2 - 5*m + 2. Calculate the remainder when 9 is divided by t(-5).
1
Let k be (-1 - 2) + (-120)/(-4). Let r = k - 12. What is the remainder when 59 is divided by r?
14
Let o(v) = v**2 - 3*v - 7. Let s be 4 + 10/2 + -2. Calculate the remainder when o(s) is divided by 8.
5
Let c = 167 + -96. What is the remainder when c is divided by 18?
17
Let y be -8 + 1 + (1 - -1). Let o = 10 + y. What is the remainder when 20 is divided by o - 3/((-9)/6)?
6
Let d = -32 - -82. Calculate the remainder when d is divided by 17.
16
Let y(l) = l - 7. Let u be y(8). Let h = 1 - u. Suppose 0 = -5*j - h*j + 10. Calculate the remainder when j is divided by 1.
0
Let w(v) = -v**3 + 4*v**2 + 7*v - 1. Let t = -7 - -12. What is the remainder when 25 is divided by w(t)?
7
Let x = -43 - -75. Suppose 2*o - 20 = -2*o. Suppose -x = -o*l + 38. Calculate the remainder when 26 is divided by l.
12
Let p be (-2 + 1)*132/(-6). Let i = 34 + p. What is the remainder when i is divided by 19?
18
Let f = 30 + -10. What is the remainder when 37 is divided by f?
17
Let s = 28 - 46. Let c = s - -27. What is the remainder when 33 is divided by c?
6
Let w = 111 - 73. Suppose -5*h = -w - 22. Suppose 0 = 5*z + x - 37, -x = z + x - 11. What is the remainder when h is divided by z?
5
Suppose 67 = -m + 2*m. Calculate the remainder when m is divided by 14.
11
Suppose -2*p + g + 1 = 2, -5*p - g = -1. Let a = p - -10. Suppose 0 = 4*u + u - a. Calculate the remainder when 4 is divided by u.
0
Let m = -8 - -2. Let c = m + 21. What is the remainder when 42 is divided by c?
12
What is the remainder when 35 is divided by 56/6 + (-20)/(-30)?
5
Let u = -2 - -4. Suppose r - 5 = -t - 3, -r = -t - 2. Suppose -r*q = -4*h - 10 - 52, -u = -h. What is the remainder when q is divided by 12?
11
Suppose 5*w + 4*t - 199 = 77, 0 = 3*w + 4*t - 164. Calculate the remainder when w is divided by 15.
11
Let k = 66 + -32. Let d(n) = -4*n. Calculate the remainder when k is divided by d(-3).
10
Let b be (0 + -2)/(-2)*-11. Let x = b + 19. Let s = -8 + 13. Calculate the remainder when x is divided by s.
3
Suppose -a - 4*a + 175 = 0. Let z(y) = y**2 - 3*y - 10. What is the remainder when a is divided by z(-4)?
17
Suppose 5*q = -5*z - 5, 5*q + 13 = 3*z + 4*q. Suppose -3*h - z*s = -33, 7 = 3*s - 5. Suppose 6*l - 202 + 52 = 0. What is the remainder when l is divided by h?
4
Suppose -6 = -2*m - 2. Let r = 115 - 78. Suppose m*d = d + r. Calculate the remainder when d is divided by 13.
11
What is the remainder when (-1 - -1) + (37 - 3) is divided by 12?
10
Suppose 5*g - 2*g + 2*n + 3856 = 0, n = -5*g - 6429. Calculate the remainder when (-4)/(-30) - g/30 is divided by 11.
10
Let f(h) = -4*h - 29. Calculate the remainder when 105 is divided by f(-14).
24
Suppose -5*y = 5*n - 3*n - 172, -n = 2*y - 69. Let f = 51 - y. Calculate the remainder when (-1)/6 + 597/18 is divided by f.
16
Let t(x) = x - 2. Let l be t(3). Let c be l/(-2 - (-5)/2). What is the remainder when (-80)/(-3) - c/(-6) is divided by 14?
13
Let j = 1 - -7. Let z = j - 6. What is the remainder when 5 is divided by 3 + (1 - z) + 0?
1
Suppose 0 = 4*y + 5*z - 50 - 13, -4*y + 2*z + 98 = 0. What is the remainder when y is divided by (-24)/(-5 - -11) + 12?
6
Let j(d) = 47*d. Let i be j(1). Suppose i = 4*u - 2*p + 15, -u = 4*p - 8. Calculate the remainder when u is divided by 12/(-2)*2/(-4).
2
Let h(b) = 4*b + 7. Calculate the re